6*w - 7. Let d(q) = -5*p(q) + 8*v(q). Determine d(5).
-15
Let q(l) = -11*l - 1. Suppose -2*j = -2*a + j + 4, -a - 2*j = -2. Let s(d) = -d - 11. Let i be s(-8). Let z = i + a. Give q(z).
10
Let s(x) = -x**3 - 3*x**2 - 11*x + 14. Let k(w) = w**2 + 4*w - 5. Let m(z) = 11*k(z) + 4*s(z). Let f(h) = h**3 - h + 1. Let j(l) = f(l) - m(l). What is j(1)?
5
Let g(l) = l**2 - 4*l + 3. Let d be g(3). Let i(x) = -x - x + x + d. Determine i(-4).
4
Let p be 1/(-5) + 724/20. Let d be p/2*(-3)/(-9). Let z(m) = -m - 3*m - d + m + 6*m. What is z(5)?
9
Let g(d) be the second derivative of -d**4/12 - 2*d**3/3 + 3*d**2/2 + 7*d. Suppose i = 2*i + 5. Give g(i).
-2
Let j(k) be the second derivative of k**5/20 + 7*k**4/12 + 7*k**2/2 + 15*k. Calculate j(-7).
7
Let j(h) be the first derivative of h**4/2 - 4*h**3/3 + 2*h**2 - 2*h + 9. Let s(m) = m**2 + 9*m. Let z be s(-4). Let t be (-32)/z - (-2)/5. What is j(t)?
6
Let v = -4/83 + 99/332. Let r(f) be the first derivative of 1/2*f**2 + v*f**4 + 2*f - 1/3*f**3 - 1. Determine r(0).
2
Let v(k) = -2*k**3 - 2*k**2 - k. Let m(i) = -i**2 + 10*i - 1. Let z be m(10). Calculate v(z).
1
Let d(b) = 6*b - 1. Let s(j) = -31*j + 6. Let k(z) = 11*d(z) + 2*s(z). Let y be k(1). Suppose 0 = y*c - 1 + 16. Let i(h) = -h**3 - 2*h**2. Give i(c).
9
Suppose 0 = -4*a - 4*t - 40, 2*a = 5*a - 5*t + 14. Let r = -4 - a. Let z(x) = 0*x - 1 - r*x + 0*x. What is z(-1)?
3
Let i(y) = y**3 + 4*y**2 - 5*y + 1. Let l be i(-5). Let h(q) = 7*q - 1. Let w(z) = 14*z - 2. Let n(d) = 11*h(d) - 6*w(d). Determine n(l).
-6
Let l(x) = x**3 + x**2. Let g(s) = 4*s**3 - 2*s + 1. Let a(i) = -g(i) + 5*l(i). Give a(-5).
-11
Let d(g) = 0*g**3 + g**3 - 3*g**2 - 3 - 2*g + 5*g**2. Suppose -5*s = -4*j - 3, -j + 12 = 2*s + j. Suppose -2*k - 9 = -s. Calculate d(k).
-6
Let l(c) = c + 4. Suppose o - 2 = -1, -1 = -4*x - o. Suppose k + 2 = -4*k + n, -4*k + 2*n - 4 = x. What is l(k)?
4
Let i(y) = y**3 + 7*y**2 - 10*y - 12. Let a be i(-8). Let m(z) be the third derivative of z**6/120 - z**5/20 - 5*z**4/24 + z**3/2 + 3*z**2. What is m(a)?
-1
Let x(c) be the first derivative of 5*c**3/3 - c**2/2 + c + 2. Let r be 2/((-1)/((-5)/(-2))). Let j = r - -6. Give x(j).
5
Let n = 1 - -4. Let w(d) = 1 + 2*d + d**3 - n*d**2 + 6*d**2 + 3*d**2. What is w(-2)?
5
Let g(a) = 3 - a - 6 - 3 + 2. Give g(6).
-10
Suppose 0 = 4*j - 6*o + o + 8, -j + 23 = 5*o. Let i(t) = -2 + 17*t**3 + j*t**2 - 16*t**3 - 2. Determine i(-3).
-4
Let d(p) = p**2 - 2*p - 2. Suppose -2*m + 7*m = 0. Let n(b) = 2*b - 4. Let u be n(3). Suppose -u*i + 0*i + 8 = m. Give d(i).
6
Let f(k) = -15*k + 1. Let z(q) = -8*q + 1. Let s(r) = -3*f(r) + 5*z(r). Give s(-2).
-8
Let m(j) = j**3 - 6*j**2 + 6*j + 3. Let h = -22 + 27. Determine m(h).
8
Let w(l) = l. Let c be w(2). Let f be 16/7 - (-4)/(-14). Let m(s) = -s + 0*s - f*s + 1. What is m(c)?
-5
Let i(p) = -6*p**3 + 2*p + 6*p**3 - p**3 + 1 - 2*p**2. Determine i(-3).
4
Let x(z) = 3*z - z + 10*z**2 - 3*z. Let i = -18 - -11. Let p(f) = -f**3 - 6*f**2 + 8*f + 8. Let y be p(i). Determine x(y).
9
Let r(a) = 8*a**2 + 4*a - 3. Let w(m) = -17*m**2 - 9*m + 7. Let o(v) = -7*r(v) - 3*w(v). What is o(1)?
-6
Let b = 8 - 5. Let t = -6 - -8. Let s(k) = -2 - k - t*k + k + k**b. Calculate s(-2).
-6
Let g(k) = -k**3 - 5*k**2 + 3*k + 1. Suppose 10 - 30 = 4*b. Calculate g(b).
-14
Let p be 0 + 4 + 0 + 0. Let f(c) = c**2 - 5*c - 5. Let h be f(-4). Let r(l) = 4 - l**2 - 29*l - 3 + h*l. Give r(p).
-7
Suppose -o - 2*o - 6 = -3*n, 18 = n - 5*o. Let k be (3 + 1)*n/(-4). Let t(q) = 2 - 4 - k*q - 2. Calculate t(-4).
4
Let q(x) = -4*x**2 - 28 + 33 + 0*x**2 - x**3 + x + 3*x. Calculate q(-5).
10
Let a(d) = -2*d**3 - 21*d**2 - 7*d + 12. Let l(n) = n**3 + 10*n**2 + 3*n - 6. Let j(o) = 3*a(o) + 7*l(o). What is j(-7)?
-6
Let a(z) = z**2 - 1. Let q(l) = -l**2 + 1. Let y(g) = 3*a(g) + 7*q(g). Let s(n) be the first derivative of y(n). Determine s(-1).
8
Let h be ((-39)/18)/(-13) + 46/12. Suppose -3*d = -5*y - 16, 0 = y + 4*d + 11 + 6. Let c = y + h. Let s(a) = -5*a**3 + 2*a**2 + a. Determine s(c).
6
Let q = 25 + -15. Suppose 2*b - q = -0*b. Let a(g) = g**3 - 6*g**2 + 4*g - 4. What is a(b)?
-9
Let w(g) = g**3 - 6*g**2 - 8*g + 1. Suppose f - 5 = 2. What is w(f)?
-6
Let s(l) = l**2 + 3*l + 4. Let r be s(-2). Suppose -4*f = r*f - 36. Let t(h) = -h**2 + 6*h - 3. What is t(f)?
-3
Let s be (-7)/7*3*4/3. Let y(d) = d**2 + 4*d + 1. Calculate y(s).
1
Let c(p) = p**3 - 9*p**2 + 9*p - 1. Let f = 10 - 2. What is c(f)?
7
Let z(v) be the second derivative of 2*v**3/3 + 9*v. Let g be (2/2)/(1/(-2)). Determine z(g).
-8
Let d(c) = 0*c - 2*c - 4 + 0. Suppose -5*l - 27 = 4*x, 5*l - 3*l - x = -3. Give d(l).
2
Let o(n) be the first derivative of n**2/2 + 3. Calculate o(5).
5
Let u(g) = -g**2 + g + 6. Suppose 0 = -3*w + 8*w + 2*x - 6, -5*w - 4*x = -12. What is u(w)?
6
Let c(z) = -10 - z**2 - 2*z + 8 + 7. Determine c(-6).
-19
Let l(r) be the second derivative of -r**3/6 + r**2/2 - 5*r. Let g(n) = 4*n - 7. Let m(w) = -g(w) - 3*l(w). Give m(6).
-2
Let a(p) be the first derivative of -p**6/120 + p**5/12 - p**4/4 + 5*p**3/6 + 7*p**2/2 - 9. Let y(d) be the second derivative of a(d). Determine y(4).
-3
Let j(z) = z**3 + 4*z**2 - z + 1. Let n be -1*(0/3)/(-3). Suppose n*t + 2*t = -8. Give j(t).
5
Let y(a) = -11*a + 1 + 2*a**2 - 4*a**2 + 0*a**2 + 9*a. Calculate y(-3).
-11
Let o(l) = -l**3 + l**2. Let y = -22 + 16. Let g(a) = -7*a**3 + a**2 - 3*a. Let z(n) = y*o(n) + g(n). Suppose 10 = -2*d, 3*c + 0*d + 22 = -2*d. Give z(c).
-4
Let m(w) = -w. Let n(b) = b**2 - b. Let x(l) = -6*m(l) + n(l). Determine x(-3).
-6
Let u(p) = -34 - 2*p - 41*p**2 + 42*p**2 + 27. Give u(5).
8
Let q(d) = 2 + d**3 + d + 4*d**3 - 3. Let i(j) = 2*j**3 - 2*j**2 + 2*j - 1. Let f be i(1). Give q(f).
5
Let c = 26 + -8. Suppose -5*s + w - 9 = 0, -s + 3*s + 5*w = c. Let r(u) = u**2 - u. Determine r(s).
2
Let l(c) = c + 1. Suppose 2 = -3*h + 5*i + 4, 4 = -3*h - i. Let t(w) = -3*w**2 - 1. Let q be t(h). Calculate l(q).
-3
Let g(d) = d**2 + 3*d - 4. Let p(s) = -s**3 + 5*s**2 - 4. Let f be p(5). Let j be g(f). Let u(y) = 0*y - y + 6 + j. Calculate u(0).
6
Let m(f) be the second derivative of f**5/60 - f**4/8 + f**3/6 - 3*f**2/2 + 3*f. Let x(h) be the first derivative of m(h). Calculate x(3).
1
Let x(m) = -3*m**2 + m + 1. Let o be x(-1). Let r(k) = -7 + 8*k**2 - 6 + 0*k + 10 - 7*k**2 + 3*k. Determine r(o).
-3
Let o be (-12)/30 - 8/5. Let d be 1 - (1 - -1)/(-2). Let b = o + d. Let g(u) = -u**3 - u**2 - 1. Determine g(b).
-1
Let c = 0 + 0. Let d(w) be the second derivative of -2*w + 1/4*w**4 + 1/6*w**3 + c - 2*w**2 + 1/20*w**5. Determine d(-3).
-7
Let i(h) = 0 - 4*h - h + 1. Suppose 4*b - c = -4*c - 2, -2*b = -c - 4. Determine i(b).
-4
Suppose 3*v + 1 + 2 = 3*n, n + 3 = 5*v. Let m(x) = x**3 + x**3 - x**3 + n*x**2 + 1. Suppose 3*g = -7 - 2. Give m(g).
-8
Let p(t) be the first derivative of t**3/3 + t - 13. Calculate p(-2).
5
Let c(x) = 2 + 2 - 3. Let f(s) = -s + 3. Let r(v) = -3*c(v) - f(v). Suppose 5*k + 1 - 26 = 0. Determine r(k).
-1
Let n be (-2*2/8)/(16/192). Let m(f) be the third derivative of -f**6/120 - 7*f**5/60 - f**4/3 - f**3/3 - f**2. Determine m(n).
10
Let a(b) = 5*b - 6. Let p(i) = -4*i + 5. Let d(n) = 5*a(n) + 6*p(n). Give d(-6).
-6
Suppose 4*g = -3*m + 35, 4*m + 0*g = g + 15. Let a(q) = 2*q**2 - q - 3. Let k(h) = h**2 + 2*h + 2. Let u(c) = -a(c) + k(c). Give u(m).
-5
Let c(h) = 2*h**2 + 3*h + 2. Let p be c(-2). Suppose -s = 2*f - p*s - 4, -2*f - 4 = -5*s. Let x(r) = r**3 - 2*r + f*r**3 + r. Give x(-1).
-8
Let r(y) = 2*y**2 + 2*y**3 + 0*y**3 + 2 - 3. Let x = 218 - 219. Calculate r(x).
-1
Let b be (-3)/(-1) + (1 - 2). Let q(z) = 3*z**3 + 5 - 1 - b*z - 6*z**3 + 5*z**2 + 2*z**3. Give q(5).
-6
Let j be (-6)/(-4*(-4)/8). Let l = 0 + j. Let n(w) = -w**3 - 4*w**2 - 1. What is n(l)?
-10
Suppose 0*y + y - 1 = -2*g, y - g - 1 = 0. Let q(n) be the first derivative of -n**2/2 - n - 2. What is q(y)?
-2
Let a(z) = 7 + z - 26 - 1 + 4. What is a(11)?
-5
Let f(w) = w**3 + 5*w**2 - 6. Let k be (-1)/3 - (-28)/(-6). Calculate f(k).
-6
Let y(a) = 2*a + 3*a**2 + 2 + 4*a**2 - 10*a**2. Give y(2).
-6
Let f(l) = 11*l**3 - 17*l**2 - 5*l + 5. Let u(t) = 5*t**3 - 8*t**2 - 2*t + 2. Let x be 1 + -1 + 3 - -6. Let o(c) = x*u(c) - 4*f(c). Calculate o(3).
-5
Let x(z) = -z**3 + z**2 + z. Let w(q) = 4*q**3 - 8*q**2 + q - 3. Let t(